ded by 16?
12
Let x = 26 - 3. Calculate the remainder when 204 is divided by x.
20
Let d(m) = m**2 + 5*m. Let w be d(-5). Let r(k) = k**3 - k + 4. Let a be r(w). Let o = 7 - a. Calculate the remainder when 7 is divided by o.
1
Let b be (-4)/3*(-3)/(-2). What is the remainder when 1/(2/152) - b is divided by (-137)/(-7) - 51/(-119)?
18
Suppose 2*r = -10, -c + r + 3*r + 24 = 0. Calculate the remainder when 11 is divided by c.
3
Let k(r) = -r**2 + 3*r - 12. Let p be k(6). What is the remainder when (p/20)/((-6)/80) is divided by 7?
6
Let r(d) = d**2 - 4*d - 24. Calculate the remainder when r(11) is divided by 9.
8
Suppose 3*g - 133 + 40 = 0. Let z = g + 1. Calculate the remainder when 62 is divided by z.
30
Calculate the remainder when 2 + -3 + (-156)/(-4) is divided by 8.
6
Let s = -39 + 55. Calculate the remainder when 2/(-5)*5*-23 is divided by s.
14
Let s(z) = -8*z**3 + 3*z**3 + 1 + 26*z**3. Suppose i + 2 = 0, -3*o - 6*i + 16 = -2*i. Calculate the remainder when s(1) is divided by o.
6
Let i = 3 + -3. Suppose -3*c + 2*c + 37 = i. Suppose -22 = -5*v + 43. What is the remainder when c is divided by v?
11
Let d = -12 + 21. Calculate the remainder when 7 is divided by 21/(-14) + d/2.
1
What is the remainder when 11 is divided by 12/(-5)*(-80)/24?
3
Let s(p) = 29*p - 7. What is the remainder when s(2) is divided by 28?
23
Let d = -103 - -120. Calculate the remainder when (-196)/(-3) + 2/3 is divided by d.
15
Let o(b) = 17*b**2 + 9*b + 4. Calculate the remainder when o(-2) is divided by 4.
2
Let p = 13 + -4. Let k(u) = -u**2 - u + 3. Let f be k(2). Let z(t) = -2*t - 3. What is the remainder when p is divided by z(f)?
0
Let h = 6 + -4. Suppose -2*n + 31 = 3*o, -h*n - 4 - 19 = -3*o. Calculate the remainder when 35 is divided by o.
8
Let f(x) = 2*x**2 + 2*x - 10. Suppose 0*l = -5*l - 20, 4*u - 8 = -5*l. What is the remainder when f(u) is divided by 26?
24
What is the remainder when 28 is divided by 30/(-4)*(16 + -18)?
13
Let v = 15 - 10. Let r = 4 - v. Calculate the remainder when 31 is divided by (16/5)/(r/(-5)).
15
Calculate the remainder when 19 is divided by (-4)/(-18)*-3 + 34/6.
4
Calculate the remainder when 98 is divided by (-4 + -1)*(-25)/5.
23
Let s be -55 - (1 + 2 - 1). Let p = -22 - s. What is the remainder when p is divided by 1/(6*(-6)/(-648))?
17
Let x(s) = 15*s**2 - s - 1. Calculate the remainder when 27 is divided by x(-1).
12
Let j(m) = -5*m - 1. Let u be j(-4). Let z = u + -12. Let p = -25 + 37. Calculate the remainder when p is divided by z.
5
Suppose -r + 2*r - 11 = 0. Let t(f) = f**3 - 12*f**2 + 12*f - 8. What is the remainder when 11 is divided by t(r)?
2
Let r(s) = 2*s**2 - 2*s. Let w be (2 + -12)*2/(-5). What is the remainder when w - 2 - (-6 + 1) is divided by r(2)?
3
Let y(f) = f**3 + 5*f**2 - 17*f - 4. Let s = -17 + 10. Let d(z) = 3*z**2 + 4*z. Calculate the remainder when d(-4) is divided by y(s).
15
What is the remainder when (-813)/(-39) - 8/(-52) is divided by ((-16)/20)/(2/(-15))?
3
Calculate the remainder when (-252)/((-5)/(-2) - 4) is divided by 58.
52
Let m(u) = 1 - 1 - 2*u + 1. Calculate the remainder when m(-6) is divided by 7.
6
Suppose -2*x + 0*x + 3*b = -38, -x - 4*b - 3 = 0. What is the remainder when 24 is divided by x?
11
Calculate the remainder when 18 is divided by (-46)/(-10) + 9/(-15).
2
Suppose -5*b = -3*p - 387, 3*b - 371 = -2*b - p. Suppose g - 4*w - 57 = 0, 3*g + 5*w = g + b. What is the remainder when g is divided by 24?
21
Let q(n) = n**3 - 7*n**2 + n - 18. Calculate the remainder when 207 is divided by q(8).
45
Let h(g) = -10*g**3 + g**2 - 1. Let x be h(-1). Suppose 3*q + 0*q - 104 = v, 3*q + 3*v = 108. Calculate the remainder when q is divided by ((-36)/x)/(12/(-40)).
11
Suppose -w - 2*i = -30, 4*i + 19 - 1 = w. What is the remainder when w is divided by 9?
8
Suppose 15 = 3*p + 5*a - 8, 3*a = 4*p - 50. Calculate the remainder when 43 is divided by p.
10
Let x = -3 + 42. What is the remainder when 19/(2/(1 + 1)) is divided by 0 - x/(-3) - 2?
8
Let f = 86 - 51. Calculate the remainder when f is divided by 6.
5
Let p = -32 - -70. Suppose -4*b - g + p = 0, 2*b - 16 = -2*g - 0*g. Let c = b - 7. What is the remainder when 7 is divided by c?
1
Let y = -2 + 10. Let t = -21 - -11. Let b = t - -13. What is the remainder when y is divided by b?
2
Let f = 14 + 22. Calculate the remainder when f is divided by 10.
6
Let o(t) = -99*t + 5. What is the remainder when o(-2) is divided by 17?
16
Let i(l) = l**2 + 2. Let j be i(3). Let k = j - 5. Calculate the remainder when ((-38)/(-1) - 4)/((-4)/(-2)) is divided by k.
5
Let l(o) = -o**3 - 3*o - 2. Let w be l(-2). Let x = w + 12. Let a(s) = s + 4. What is the remainder when x is divided by a(9)?
11
Let x(p) = 3*p + 24. Suppose t - 8 = 3. Calculate the remainder when t is divided by x(-7).
2
Suppose -z + 22 = -18. Calculate the remainder when 197 is divided by z.
37
Let i = 90 - 75. Calculate the remainder when 56 is divided by i.
11
Let u(m) = m**3 + 8*m**2 + 7*m - 2. Calculate the remainder when u(-6) is divided by 15.
13
Suppose -4*p = -5*g - 35, -p + 5*g + 0*g = 10. Suppose 0 = 13*c - 14*c + 28. What is the remainder when c is divided by p?
13
Let d be (-8)/(-10)*5/2. What is the remainder when 43 is divided by (36/8 + 1)*d?
10
Let w be (-2 + 3)/(1/4). Let h(a) = -5*a + a + 7 + a**2 - 2. What is the remainder when h(w) is divided by 3?
2
Let o = -17 - -28. Let n(h) = -2*h**3 + 10*h**2 - h + 11. Calculate the remainder when o is divided by n(5).
5
Let v = 39 - 34. Calculate the remainder when 12 is divided by v.
2
Suppose -7 - 1 = -l. Let w(o) = o - 2. Calculate the remainder when w(l) is divided by 3.
0
Suppose -4*g + 256 = -4*j, 0 = -j - 2*g - 45 - 13. Let u = -21 - j. Let q = -1 + 15. Calculate the remainder when u is divided by q.
13
Suppose -2*s - a = -40, 106 = 5*s - 0*a + a. Let x = 87 - s. What is the remainder when x is divided by 22?
21
Let c(u) = u + 3. Let r be c(-3). Suppose r = 2*m + 5 - 29. What is the remainder when 34 is divided by m?
10
Suppose 0 = o + 7 - 24. What is the remainder when o is divided by 4?
1
Suppose 0 = -p + 4 + 5. Let a(m) = m**3 - m**2 + 4. Let z(f) = f**2 + 14*f - 32. Let w be z(-16). Calculate the remainder when p is divided by a(w).
1
Let h(g) = -g**2 - 2*g + 9. Let l be h(0). Suppose 5*p - 4*a - 6 = 0, -l = -p - 3*p - a. Calculate the remainder when 7 is divided by p.
1
Suppose 4*y - 2*y + 2*c - 124 = 0, 5*y + c = 298. What is the remainder when y is divided by 31?
28
Suppose -4*s - 5*t + 307 = -8, s + t - 78 = 0. Suppose 2*c - 55 = i, -2*i + 0*i - 6 = 0. Calculate the remainder when s is divided by c.
23
Let w = -9 - -21. Let u = 244 - 187. Calculate the remainder when u is divided by w.
9
Suppose -56 = -3*i - o, -i - 2*o + 4*o = -21. Suppose 2*b = 2*s + 12, 0 = 2*b + 2*s + 3*s - 19. What is the remainder when i is divided by b?
5
Let c = 50 + -23. What is the remainder when c is divided by 10?
7
Let d(p) = p**2 + 2*p - p + 5*p - 4*p - 5. Let q be d(-4). Suppose 84 = q*y + y. Calculate the remainder when 62 is divided by y.
20
Let m = -62 - -95. Suppose -2*r = 3*k - 76, r + 3 = 5. Suppose a + a - k = 0. Calculate the remainder when m is divided by a.
9
Calculate the remainder when ((-144)/45)/((-2)/5) is divided by 3.
2
Let f(s) = s**2 - 2*s - 3. What is the remainder when ((-154)/33)/(24/(-9) + 2) is divided by f(4)?
2
Suppose 2*q - 1 = 75. Suppose u = -0 + 4, u = 3*l - q. What is the remainder when 55 is divided by l?
13
Let n = -40 + 49. Calculate the remainder when 43 is divided by n.
7
Let h(r) = 14*r**2 + 4*r - 3. Let u be (-2)/(-1 - (-3)/2). Let p be h(u). Let x = p - 144. Calculate the remainder when x is divided by 21.
19
Calculate the remainder when 4 is divided by (0 + 4/(-3))*(-6)/4.
0
Suppose -5 - 11 = -2*l. Calculate the remainder when 21 is divided by l.
5
Suppose 35 - 8 = 9*j. Calculate the remainder when j is divided by 3.
0
Suppose 4*j - 42 = j. What is the remainder when 40 is divided by j?
12
Let t(u) = -u**3 - 8*u**2 - 4*u - 15. Calculate the remainder when t(-8) is divided by 9.
8
Suppose 21 = 3*r - 3*y + 6, -2*y = 4. Suppose 4*d - r*d - 17 = 4*j, -3 = d. Calculate the remainder when 2 is divided by -2*1 - (j - -1).
0
Let j be (-271)/(-7) + (-8)/(-28). Let p = j - 19. Calculate the remainder when 